 is 4 - 561?
-55b
In base 8, what is 1 - -6?
7
In base 5, what is -144021 + -3?
-144024
In base 6, what is 14 + -15?
-1
In base 9, what is -4 - -83?
78
In base 15, what is -16d + -6?
-174
In base 7, what is 31061 + 1?
31062
In base 14, what is -2 + a6?
a4
In base 2, what is -1100011 + -100?
-1100111
In base 9, what is 1800 + 0?
1800
In base 15, what is -5 + -10c?
-112
In base 2, what is -1010100 + 11100?
-111000
In base 6, what is 1233 + -22?
1211
In base 13, what is 515 - -4?
519
In base 9, what is 2 - 5463?
-5461
In base 4, what is -131 - -10?
-121
In base 7, what is 24 - 5?
16
In base 16, what is -61c + 6?
-616
In base 5, what is -1 - 2030?
-2031
In base 15, what is 1 - -6?
7
In base 7, what is 1461 + 1?
1462
In base 14, what is 5 - -186b?
1872
In base 5, what is -11 - -310?
244
In base 14, what is -dc2 - 4?
-dc6
In base 3, what is 1012101 + -2?
1012022
In base 16, what is -8 + -54?
-5c
In base 4, what is 2220320 - 2?
2220312
In base 7, what is -51 + -13?
-64
In base 13, what is 2aa - -13?
2c0
In base 4, what is -13033 + 0?
-13033
In base 8, what is 3 + -7127?
-7124
In base 11, what is -1 - 2a?
-30
In base 5, what is 120 + 2?
122
In base 5, what is -43 + 244?
201
In base 7, what is -5 + -46?
-54
In base 7, what is -10 + -14123?
-14133
In base 16, what is -76 + -2?
-78
In base 8, what is -154 - -20?
-134
In base 6, what is 3 - -445?
452
In base 4, what is -203 + 100303?
100100
In base 9, what is 308 - 1?
307
In base 6, what is -2350 - 5?
-2355
In base 6, what is -2210 + -20?
-2230
In base 6, what is -15 + -52?
-111
In base 16, what is -39f - 3?
-3a2
In base 3, what is -1 - -121200?
121122
In base 3, what is -1212022 + 11?
-1212011
In base 5, what is 4 + -102?
-43
In base 3, what is -2112022 - -112?
-2111210
In base 16, what is -242e + 3?
-242b
In base 11, what is 1 + -278?
-277
In base 6, what is -204011 + -5?
-204020
In base 7, what is -4 + 5011?
5004
In base 13, what is -46 + -5?
-4b
In base 14, what is 8c2 - 1?
8c1
In base 7, what is 1231 - -1?
1232
In base 13, what is -71b - -5?
-716
In base 15, what is -13 + 2a?
17
In base 10, what is -211 + 6?
-205
In base 16, what is 72 + 4?
76
In base 14, what is -1285 - 5?
-128a
In base 15, what is 163 + -1?
162
In base 12, what is 957 + 3?
95a
In base 11, what is 34 + -5?
2a
In base 5, what is -24 - -24?
0
In base 10, what is -286 + -12?
-298
In base 14, what is -5 - 3c?
-43
In base 13, what is -b62 - 2?
-b64
In base 10, what is 31 - 15?
16
In base 13, what is 4 - a91?
-a8a
In base 9, what is 111 + -4?
106
In base 8, what is 4 - -5?
11
In base 16, what is 263 - -3?
266
In base 6, what is 20 - 31?
-11
In base 12, what is -2 + 99?
97
In base 7, what is -516 - -5?
-511
In base 12, what is 24 + -22b?
-207
In base 3, what is 1211 + 10?
1221
In base 10, what is 0 + 211?
211
In base 11, what is 7 - -6?
12
In base 7, what is -41 - -151?
110
In base 4, what is 2023 + 12?
2101
In base 8, what is 301 - -2?
303
In base 11, what is 2127 + -1?
2126
In base 5, what is 124 + 313?
442
In base 3, what is 1 - 112111?
-112110
In base 6, what is -4 - -111?
103
In base 4, what is -211 + -301?
-1112
In base 10, what is -4 - -19?
15
In base 3, what is -12220 - -1122?
-11021
In base 13, what is -1 - -1b5?
1b4
In base 9, what is 15302 + 1?
15303
In base 2, what is 0 - -11100111?
11100111
In base 16, what is -e - 4?
-12
In base 4, what is -3211 + -2?
-3213
In base 8, what is 2516 + -10?
2506
In base 7, what is 11026 - -2?
11031
In base 7, what is 3 + 6306?
6312
In base 8, what is -3 + 25?
22
In base 9, what is -45 - -7?
-37
In base 9, what is 0 - -241?
241
In base 11, what is 0 - -1a?
1a
In base 4, what is 23 - -10032?
10121
In base 4, what is 3 + 1032321?
1032330
In base 13, what is 5 + -b?
-6
In base 15, what is -211 + -9?
-21a
In base 7, what is 5 + -113?
-105
In base 12, what is -14 + -38?
-50
In base 16, what is -2ea + 1?
-2e9
In base 11, what is -1852 - -2?
-1850
In base 2, what is -10000101 + 11?
-10000010
In base 4, what is -3 - 31?
-100
In base 14, what is b14 + -2?
b12
In base 14, what is -16 + 1c?
6
In base 3, what is -111121 + 11?
-111110
In base 3, what is 12 - -20210?
20222
In base 12, what is -a + -18?
-26
In base 4, what is 1003122 - -10?
1003132
In base 7, what is 36 - -1143?
1212
In base 4, what is 3123 - 102?
3021
In base 6, what is 121150 - -5?
121155
In base 10, what is 11 + -1351?
-1340
In base 2, what is 111 - 1000?
-1
In base 12, what is 12 - 65?
-53
In base 6, what is -222 + 43?
-135
In base 16, what is -45 + 6?
-3f
In base 8, what is 11204 - -5?
11211
In base 12, what is 4 + a2?
a6
In base 7, what is 1 + 240?
241
In base 15, what is 2 + -1163?
-1161
In base 11, what is -8 + 26?
19
In base 14, what is -3 - -62?
5d
In base 4, what is 0 - 133?
-133
In base 4, what is -1 - 1301?
-1302
In base 8, what is -2127 + -1?
-2130
In base 6, what is -3 + 225?
222
In base 4, what is 1033 - -1?
1100
In base 5, what is 0 + 22?
22
In base 7, what is 1131 - 0?
1131
In base 3, what is 2012 - 1?
2011
In base 16, what is 65 - -1c?
81
In base 8, what is 4 + 123?
127
In base 9, what is -67 + -5?
-73
In base 3, what is 120010 + -10?
120000
In base 2, what is -111100 + 10001000?
1001100
In base 16, what is 4 - -364?
368
In base 2, what is 101 - -110100?
111001
In base 6, what is -5 - 133?
-142
In base 9, what is 3107 - 5?
3102
In base 8, what is 31 - 52?
-21
In base 12, what is -2 - 3?
-5
In base 12, what is -1 - a?
-b
In base 11, what is 0 + 1227?
1227
In base 6, what is 0 + 100?
100
In base 14, what is 3 - -1a86?
1a89
In base 9, what is -10 - 327?
-337
In base 9, what is -563 - -10?
-553
In base 6, what is 5 + 204?
213
In base 16, what is 5 + -37b?
-376
In base 12, what is -3 + 1122?
111b
In base 10, what is 5739 + 2?
5741
In base 5, what is -10 + 1022?
1012
In base 7, what is -22 - 0?
-22
In base 12, what is 17 + 19?
34
In base 8, what is -72 + 24?
-46
In base 2, what is 101000111001 + 11?
101000111100
In base 6, what is 5 - -4?
13
In base 7, what is 5 + -134?
-126
In base 5, what is 4444 - 1?
4443
In base 11, what is 984 - -1?
985
In base 4, what is 130 + -1033?
-303
In base 10, what is 1 - -644?
645
In base 11, what is 0 - -1097?
1097
In base 2, what is -11010 + 1000110?
101100
In base 8, what is 2 - 5344?
-5342
In base 4, what is 1 + 13000?
13001
In base 9, what is -723 + 5?
-717
In base 11, what is -258 - 6?
-263
In base 12, what is 2 - -3b?
41
In base 11, what is 6a - -254?
313
In base 6, what is 234 + 2?
240
In base 9, what is 0 - -301?
301
In base 15, what is -21 + 3?
-1d
In base 12, what is 90 - -5?
95
In base 11, what is 123 - 6?
118
In base 10, what is 32 - -9?
41
In base 11, what is -70 + 21?
-4a
In base 16, what is -5 - c51?
-c56
In base 5, what is 202 - -12?
214
In base 2, what is 100000001110 + 10?
100000010000
In base 7, what is 3263 + -5?
3255
In base 6, what is -4 + -1?
-5
In base 5, what is -10223314 - -1?
-10223313
In base 14, what is -9c + 5?
-97
In base 16, what is -8 + -18?
-20
In base 7, what is 336 + 2?
341
In base 14, what is 0 + 182?
182
In base 15, what is 178 - -4?
17c
In base 12, what is 2 - -40?
42
In base 13, what is -a8 - 4?
-ac
In base 8, what is 1 - 372?
-371
In base 15, what is -e11 - 0?
-e11
In base 12, what is -4 + -bb?
-103
In base 16, what is 18b - -9?
194
In base 2, what is 111010 + -10?
111000
In base 4, what is 1 - -13?
20
In base 9, what is -254 + 0?
-254
In base 10, what is 758 - -10?
768
In base 9, what is 82 + 4?
86
In base 12, what is 2 + -12a?
-128
In base 15, what is -2a + -69?
-94
In base 3, what is 2210 + -2?
2201
In base 2, what is -1111101100 - -1?
-1111101011
In base 3, what is -11020012 + 2?
-11020010
In base 11, what is 1aa + -2?
1a8
In base 7, what is 4 - -326?
333
In base 3, what is -200012 + 12?
-200000
In base 2, what is -101101000 + 101?
-101100011
In base 14, what is 4d - -3?
52
In base 7, what is 222 - 3?
216
In base 3, what is 221 + 10?
1001
In base 10, what is 24 - -3?
27
In base 12, what is -3245 + -4?
-3249
In base 9, what is -188 + 3?
-185
In base 13, what is 98 + -3?
95
In base 11, what is -61 + 50?
-11
In base 8, what is 57 + -1?
56
In base 16, what is 5ec + -2?
5ea
In base 3, what is 10220 - 11?
10202
In base 13, what is -17 + c1?
a7
In base 7, what is 0 + 524?
524
In base 8, what is -10113 + 0?
-10113
In base 3, what is 10002 - 200?
2102
In base 